 -0*b. Suppose -r + 4*x + 6 = 5, -r - x + b = 0. Calculate the highest common factor of 3 and r.
3
Suppose -4*o + 5*k - 9 = 6, -2*o - 6 = -2*k. Let b be (-3 - o) + 2 + 31. Calculate the highest common divisor of b and 330.
30
Suppose 4*v + v = -30. Let j(a) = a**2 + 4*a - 3. Let t be j(v). Calculate the greatest common factor of 45 and t.
9
Suppose -5*k + 27 = 2*x, 2*k - 37 = -k + 4*x. What is the greatest common divisor of 56 and k?
7
Suppose 2*g - 24 = -x, 2*g + 0*x = -2*x + 20. Let r be 2/(-7) + 46/g. What is the greatest common divisor of r and 12?
3
Let z(c) be the second derivative of 2*c**3/3 - c**2 + c. Let f be z(5). What is the greatest common divisor of 12 and f?
6
Let y be (-5)/(-2 - 9/(-6)). Let o = 1 - 2. Let r(v) = 69*v**2 - v. Let l be r(o). Calculate the greatest common divisor of y and l.
10
Let p(g) = 3*g**3 - 10*g - 5*g**2 + 4*g - 9 - 4*g**3. Let j be p(-6). What is the greatest common divisor of 7 and j?
7
Let w be (-21)/((-1)/(-1 + -2)). Let k be (4 + -3)/((-1)/w). Suppose -o + 0*j + 2*j + 15 = 0, -2 = 2*o + 4*j. What is the highest common factor of k and o?
7
Let m = 40 + -34. What is the greatest common divisor of 24 and m?
6
Let h be 27 + 8/(-20)*-5. Calculate the highest common factor of 29 and h.
29
Let p(t) = -10*t - 104. Let o be p(-17). Suppose -2*g + 5*g = 9. Let l be (-3)/g + 1*23. What is the highest common factor of o and l?
22
Let l be 11/(-2) - (-1)/(-2). Let m = 2 - l. What is the highest common factor of m and 4?
4
Let o = -6 + -3. Let y be 1 + 26*o/(-6). Calculate the highest common factor of y and 5.
5
Suppose 4*w + 4 - 20 = 0. Let u be (-2270)/(-90) - w/18. Calculate the highest common factor of 5 and u.
5
Suppose -2*j = 3*j - 80. Let n be j - (0 - -3) - 3. Calculate the highest common divisor of n and 10.
10
Suppose 5*x + 0 = -2*n + 18, 5*n = -5*x + 15. Suppose -x*i + 4*d - 1 = -9, -4*d + 12 = i. Suppose -i = 4*a - 20. What is the highest common divisor of a and 32?
4
Suppose 2*c + t - 28 = 0, c = -3*c + 5*t + 70. What is the highest common divisor of 15 and c?
15
Let l be (2 - 15/3)*2. Let b(j) = j + 14. Let u be b(l). Calculate the highest common factor of 1 and u.
1
Let b be ((-70)/15)/(2/(-57)). Calculate the greatest common divisor of b and 19.
19
Let k be (-7)/(-2) - 2/4. What is the greatest common divisor of 12 and k?
3
Let x(q) = q - 5. Let y be x(6). Let m be 12*y*30/24. Calculate the greatest common factor of 135 and m.
15
Suppose 6*t - 108 = -0*t. What is the highest common divisor of 2 and t?
2
Let i be 49/(-3) + (-2)/(-6). Let o = -9 - i. Calculate the greatest common divisor of 7 and o.
7
Suppose -4*j = 2 - 62. Suppose -y - 2*y + 225 = 0. Calculate the highest common factor of j and y.
15
Suppose p - 4*p = 3*j - 432, -4*j + 2*p + 552 = 0. Calculate the highest common divisor of 20 and j.
20
Suppose -232 = -5*j + 483. Let p(f) = 4*f**2 - 1. Let z be p(1). Suppose w - 3*q = 4, 2*w - 3*w - z*q = -22. What is the greatest common factor of w and j?
13
Let p(j) = j**2. Let k be p(-2). Let r = 126 - 114. What is the greatest common factor of r and k?
4
Let y(w) = w**3 + 15*w**2 + 13*w - 4. Let u be y(-14). Let i be (110 - 2 - 0) + 2. What is the greatest common factor of i and u?
10
Let f be (-4)/(-14) + (-976)/(-14). Let x be 3/6 + (-7)/(-28)*38. Calculate the greatest common divisor of f and x.
10
Let j = 3 + 52. What is the highest common factor of 11 and j?
11
Suppose -226 = -5*y + 14. What is the highest common divisor of y and 432?
48
Let k(p) = p - 7. Let c be k(19). What is the highest common divisor of c and 108?
12
Suppose 2*p + j + 4*j = -72, p + 41 = -5*j. Let w = p - 141. Let n = w - -340. Calculate the highest common divisor of 21 and n.
21
Suppose -16*b + 160 = -11*b. Calculate the greatest common factor of 8 and b.
8
Suppose 0 = 3*n - n - 14. Suppose 104 = -3*h + n*h. Let k(t) = t + 65. Let w be k(0). Calculate the highest common divisor of w and h.
13
Suppose 0 = -4*s + 3*c + 43, 0*c = s - c - 12. What is the greatest common factor of s and 7?
7
Suppose -2*v = -6 - 0. Let q = v + -1. Let k be -3 + q - (5 - 7). What is the highest common factor of k and 4?
1
Suppose -5*c = -4*c - 4. Let d be c/(-2) + (-1 - -9). Calculate the greatest common divisor of 6 and d.
6
Suppose r - 4*t - 547 = -4*r, 216 = 2*r - 3*t. Calculate the highest common divisor of r and 74.
37
Let m = 14 + -8. Let l(g) = g**2 + g + 2. Let y be (-1)/(-2) - 8/16. Let r be l(y). Calculate the highest common factor of m and r.
2
Suppose 6*x = 10*x - 4. Calculate the highest common factor of 3 and x.
1
Let p = 70 + -63. Let f be (-4)/10 + (-22)/(-5). Let z(q) = q**3 - 3*q**2 - 3*q - 3. Let o be z(f). Calculate the highest common factor of p and o.
1
Let j be (0 - -1) + 1*91. Let r = -48 + j. Suppose -4*o + 3*g + 24 = g, 12 = -3*g. What is the highest common factor of r and o?
4
Let r be 6/21 - 24/(-14). Suppose 5 = r*i + 3*i. What is the greatest common divisor of 8 and i?
1
Let s be (-2 - 0)/((-1)/41). Let a = s - 49. Suppose -o - 4*q + 1 + 1 = 0, 5*o - 3*q = a. Calculate the highest common divisor of o and 12.
6
Let y be 7/(-1*(1 + -2)). Let u = y + 13. Calculate the greatest common factor of 60 and u.
20
Suppose 4*k + 2*a - 72 = -2*a, -4*k - a = -63. Suppose 3*y = -0*y + k. What is the highest common factor of 2 and y?
1
Let p = 118 - 38. Calculate the highest common divisor of 10 and p.
10
Let z = -5 + 8. Suppose z*u - u = 64. Let k(t) = 2*t**2 - 5*t + 5. Let q be k(-5). What is the highest common divisor of u and q?
16
Suppose s + 20 = i, 60 = 5*i + 6*s - 3*s. What is the highest common factor of i and 105?
15
Let r be 0 - 2 - (-103 - -6). Calculate the highest common factor of 38 and r.
19
Let t be (-1)/(-3 + 2) - -2. Suppose t*z - 6*z = -33. Let u = -16 + 49. Calculate the greatest common divisor of z and u.
11
Suppose -v - 4*v + 10 = 0. Let z(s) = 2*s - 6. Let m be z(5). Calculate the highest common divisor of m and v.
2
Suppose -5*s + 99 = -4*p - 25, 5*p - 132 = -4*s. What is the greatest common divisor of s and 12?
4
Let u = -9 + 21. Calculate the highest common divisor of u and 12.
12
Let h(q) = 7*q - 1. Let d(t) = t. Let n be d(2). Let m be h(n). Let p = 257 - 114. Calculate the greatest common factor of p and m.
13
Let x(q) = -3*q + 4*q + 1 + 3*q - q. Let m be x(5). Suppose 2*t + m = 3*t. What is the highest common factor of t and 144?
16
Suppose 6 = 4*l - 6. Suppose -l*p = -p - 12. Calculate the highest common divisor of p and 18.
6
Suppose 0 = -q - 1 + 3. Let h(p) = p**3 - 3*p**2 + 3*p - 2. Let c be h(q). Suppose c = -2*g + 5*g - 60. What is the greatest common factor of 5 and g?
5
Let w = -52 - -87. What is the highest common factor of w and 14?
7
Let d = 13 + 5. Let w = d + -7. What is the greatest common divisor of 77 and w?
11
Let p = -17 + 37. Let m = 18 - 37. Let x = -11 - m. What is the highest common divisor of x and p?
4
Suppose 0 = 3*r + 2*f - 13, -2*r + 2*f + 7 + 5 = 0. What is the highest common divisor of r and 5?
5
Let k = 95 + -41. Let d(v) = v**3 - v + 6. Let b be d(0). What is the highest common divisor of k and b?
6
Suppose q = 4*r + 47, 5*q - 2*q - 2*r = 151. What is the highest common divisor of q and 51?
51
Suppose -2*s + 10 = -5*l - 5, 2*l - 2*s + 12 = 0. Suppose -4*m - 20 = -x, 5*x - 5*m = 15 + 25. Let i = x - l. Calculate the highest common factor of 55 and i.
5
Suppose -4*m + 5*z - 12 = 0, -2*z + 4 = -3*m + 2. Suppose 5 = m*i - 13. What is the greatest common factor of i and 81?
9
Let h(w) = -21*w**3 - w**2 - w + 1. Let s be h(1). Let t = s - -3. Let n = 36 + t. Calculate the highest common divisor of n and 85.
17
Let w be 2*(3/6 - -2). Suppose -f = 4*f - 250. Calculate the greatest common factor of f and w.
5
Suppose -285 = 2*j + 3*j. Let c = 120 + j. Let d be (-170)/(-4) + 2/(-4). What is the greatest common factor of d and c?
21
Let u = 11 - 7. Suppose -u*p = -5*w - 17, 3*p - 20 - 7 = -w. Let c be (-6)/p - (-255)/20. Calculate the highest common factor of 24 and c.
12
Let s = -25 - -8. Let q = s - -18. Calculate the highest common factor of 1 and q.
1
Let b = -32 + 50. Calculate the highest common factor of 12 and b.
6
Let c be 2/(-3)*(7 - -2). Let h(t) = -4*t - 8. Let l be h(c). Calculate the greatest common factor of 48 and l.
16
Suppose 0 = 5*f + 10, -2*s + 8 = 2*f +